{"id":1025,"date":"2019-12-11T17:58:05","date_gmt":"2019-12-11T17:58:05","guid":{"rendered":"http:\/\/bearvvis.com\/?page_id=1025"},"modified":"2025-06-18T04:51:09","modified_gmt":"2025-06-18T04:51:09","slug":"lueldar-nordic-queen-of-bearvvis-lili","status":"publish","type":"page","link":"https:\/\/bearvvis.com\/?page_id=1025","title":{"rendered":"Fi &amp; EE Mva\/ch Lueldar Nordic Queen of Bearvvis &#8221; Lili&#8221;"},"content":{"rendered":"<div id=\"attachment_1532\" style=\"width: 310px\" class=\"wp-caption alignnone\"><a href=\"https:\/\/bearvvis.com\/wp-content\/uploads\/2022\/05\/Lili2-scaled.jpg\"><img loading=\"lazy\" decoding=\"async\" aria-describedby=\"caption-attachment-1532\" class=\"wp-image-1532 size-medium\" src=\"https:\/\/bearvvis.com\/wp-content\/uploads\/2022\/05\/Lili2-300x231.jpg\" alt=\"\" width=\"300\" height=\"231\" srcset=\"https:\/\/bearvvis.com\/wp-content\/uploads\/2022\/05\/Lili2-300x231.jpg 300w, https:\/\/bearvvis.com\/wp-content\/uploads\/2022\/05\/Lili2-1024x790.jpg 1024w, https:\/\/bearvvis.com\/wp-content\/uploads\/2022\/05\/Lili2-768x592.jpg 768w, https:\/\/bearvvis.com\/wp-content\/uploads\/2022\/05\/Lili2-1536x1185.jpg 1536w, https:\/\/bearvvis.com\/wp-content\/uploads\/2022\/05\/Lili2-2048x1580.jpg 2048w\" sizes=\"auto, (max-width: 300px) 100vw, 300px\" \/><\/a><p id=\"caption-attachment-1532\" class=\"wp-caption-text\">Lili 2,5 vuotta<\/p><\/div>\n<p><a href=\"https:\/\/bearvvis.com\/wp-content\/uploads\/2019\/12\/IMG_3650-e1576086945403.jpg\"><img loading=\"lazy\" decoding=\"async\" class=\"alignnone size-medium wp-image-1027\" src=\"https:\/\/bearvvis.com\/wp-content\/uploads\/2019\/12\/IMG_3650-e1576086945403-200x300.jpg\" alt=\"\" width=\"200\" height=\"300\" srcset=\"https:\/\/bearvvis.com\/wp-content\/uploads\/2019\/12\/IMG_3650-e1576086945403-200x300.jpg 200w, https:\/\/bearvvis.com\/wp-content\/uploads\/2019\/12\/IMG_3650-e1576086945403-768x1152.jpg 768w, https:\/\/bearvvis.com\/wp-content\/uploads\/2019\/12\/IMG_3650-e1576086945403-683x1024.jpg 683w\" sizes=\"auto, (max-width: 200px) 100vw, 200px\" \/><\/a><\/p>\n<p>Synt.\/born.\u00a05.10.2019<\/p>\n<p>Is\u00e4\/Sire: Multi BISS Mva\/Ch <a href=\"https:\/\/jalostus.kennelliitto.fi\/frmKoira.aspx?RekNo=ANKC5100063159\">HAMALEK RUMBLE IN THE JUNGLE<\/a><\/p>\n<p>Em\u00e4\/Dam: <a href=\"https:\/\/jalostus.kennelliitto.fi\/frmKoira.aspx?RekNo=IKCZ62863\"><small>C.I.B IE MVA\/ Ch\u00a0<\/small> LUELDAR DIXIE CHICK<\/a><\/p>\n<p><a href=\"https:\/\/jalostus.kennelliitto.fi\/frmKoira.aspx?RekNo=FI17352%2F20&amp;R=243\">Sukutaulu\/pedigree<\/a><\/p>\n<p>Silm\u00e4t\/eyes: OK 3\/23<\/p>\n<p>HD:C,<\/p>\n<p>HD: Ofa: Good<\/p>\n<p>ED:0\/0<\/p>\n<p>PN: Normal<\/p>\n<p>LC: Kantaja<\/p>\n<p>Lili on kotoisin Irlannista Lueldar kennelist\u00e4. Lili on kehittynyt hienosti ja vetohommatkin sujuu. Lili on saavuttanut sek\u00e4 Suomen ,ett\u00e4 Viron muotovalion arvon vuonna -22.<\/p>\n<p>Lili kuvattiin luuston osalta kev\u00e4\u00e4ll\u00e4 -22 ja lonkkien tulos ei ollut toivottu. Lonkat uusintakuvattiin -23 kev\u00e4\u00e4ll\u00e4 ja samalla l\u00e4hetettiin Ofaan arvioitavaksi. Suomessa tulos pysyi samana (hivenen matalat lonkkamaljat) ja ofan tulos oli Good eli hyv\u00e4. Lilin kanssa oli tarkoitus hakea poikkeuslupaa jalostukseen sopivalla uroksella. Luonto kuitenkin puuttui peliin ja Lili sai pennut meid\u00e4n Nookin kanssa suunnittelemattomasti. Onni onnettomuudessa oli, ett\u00e4 Nook on muuten hyvin sopiva uros Lillelle , etenkin luonteen osalta. Nyt n\u00e4m\u00e4 vahinkopennut ovat jo l\u00e4hemm\u00e4ksi pari vuotiaita,\u00a0 ja niist\u00e4 on kehittynyt hienoja yksil\u00f6it\u00e4. T\u00e4\u00e4ll\u00e4 kotona asusta kaksi Lilin ja Nookin j\u00e4lkel\u00e4ist\u00e4; Snoopy ja Snuuli. Kumpikin on k\u00e4ynyt jo jonkin verran n\u00e4yttelyiss\u00e4 ja osoittanut hienoa vetokyky\u00e4 valjakossa.<\/p>\n","protected":false},"excerpt":{"rendered":"<p>Synt.\/born.\u00a05.10.2019 Is\u00e4\/Sire: Multi BISS Mva\/Ch HAMALEK RUMBLE IN THE JUNGLE Em\u00e4\/Dam: C.I.B IE MVA\/ Ch\u00a0 LUELDAR DIXIE CHICK Sukutaulu\/pedigree Silm\u00e4t\/eyes: OK 3\/23 HD:C, HD: Ofa: Good ED:0\/0 PN: Normal LC: Kantaja Lili on kotoisin Irlannista Lueldar kennelist\u00e4. Lili on kehittynyt hienosti ja vetohommatkin sujuu. Lili on saavuttanut sek\u00e4 Suomen ,ett\u00e4 Viron muotovalion arvon vuonna -22. [&hellip;]<\/p>\n","protected":false},"author":1,"featured_media":0,"parent":18,"menu_order":6,"comment_status":"closed","ping_status":"closed","template":"","meta":{"footnotes":""},"class_list":["post-1025","page","type-page","status-publish","hentry"],"_links":{"self":[{"href":"https:\/\/bearvvis.com\/index.php?rest_route=\/wp\/v2\/pages\/1025","targetHints":{"allow":["GET"]}}],"collection":[{"href":"https:\/\/bearvvis.com\/index.php?rest_route=\/wp\/v2\/pages"}],"about":[{"href":"https:\/\/bearvvis.com\/index.php?rest_route=\/wp\/v2\/types\/page"}],"author":[{"embeddable":true,"href":"https:\/\/bearvvis.com\/index.php?rest_route=\/wp\/v2\/users\/1"}],"replies":[{"embeddable":true,"href":"https:\/\/bearvvis.com\/index.php?rest_route=%2Fwp%2Fv2%2Fcomments&post=1025"}],"version-history":[{"count":16,"href":"https:\/\/bearvvis.com\/index.php?rest_route=\/wp\/v2\/pages\/1025\/revisions"}],"predecessor-version":[{"id":2329,"href":"https:\/\/bearvvis.com\/index.php?rest_route=\/wp\/v2\/pages\/1025\/revisions\/2329"}],"up":[{"embeddable":true,"href":"https:\/\/bearvvis.com\/index.php?rest_route=\/wp\/v2\/pages\/18"}],"wp:attachment":[{"href":"https:\/\/bearvvis.com\/index.php?rest_route=%2Fwp%2Fv2%2Fmedia&parent=1025"}],"curies":[{"name":"wp","href":"https:\/\/api.w.org\/{rel}","templated":true}]}}