{"id":2098,"date":"2024-08-13T17:33:29","date_gmt":"2024-08-13T17:33:29","guid":{"rendered":"http:\/\/bearvvis.com\/?page_id=2098"},"modified":"2025-04-12T16:50:56","modified_gmt":"2025-04-12T16:50:56","slug":"bearvvis-nallinak-atanik-alpha","status":"publish","type":"page","link":"https:\/\/bearvvis.com\/?page_id=2098","title":{"rendered":"FI&amp;EE Mva\/ch *Bearvvis Nallinak Atanik &#8221;Alpha&#8221;"},"content":{"rendered":"\n<figure class=\"wp-block-image size-large is-resized\"><a href=\"https:\/\/bearvvis.com\/wp-content\/uploads\/2024\/08\/Alfa-scaled.jpg\"><img loading=\"lazy\" decoding=\"async\" width=\"714\" height=\"1024\" src=\"https:\/\/bearvvis.com\/wp-content\/uploads\/2024\/08\/Alfa-714x1024.jpg\" alt=\"\" class=\"wp-image-2099\" style=\"width:388px;height:auto\" srcset=\"https:\/\/bearvvis.com\/wp-content\/uploads\/2024\/08\/Alfa-714x1024.jpg 714w, https:\/\/bearvvis.com\/wp-content\/uploads\/2024\/08\/Alfa-209x300.jpg 209w, https:\/\/bearvvis.com\/wp-content\/uploads\/2024\/08\/Alfa-768x1101.jpg 768w, https:\/\/bearvvis.com\/wp-content\/uploads\/2024\/08\/Alfa-1071x1536.jpg 1071w, https:\/\/bearvvis.com\/wp-content\/uploads\/2024\/08\/Alfa-1428x2048.jpg 1428w, https:\/\/bearvvis.com\/wp-content\/uploads\/2024\/08\/Alfa-600x860.jpg 600w, https:\/\/bearvvis.com\/wp-content\/uploads\/2024\/08\/Alfa-scaled.jpg 1785w\" sizes=\"auto, (max-width: 714px) 100vw, 714px\" \/><\/a><\/figure>\n\n\n\n<p>Synt.\/born&nbsp;3.5.2019<\/p>\n\n\n\n<p>Is\u00e4\/sire: BISS, Multi ch, Multi winner Bearvvis Be Northern Explorer<\/p>\n\n\n\n<p>Em\u00e4\/dam: FI &amp; EE Mva\/ch &amp;EE V mva\/ch Bearvvis Nana\u00b4s First<\/p>\n\n\n\n<p>Silm\u00e4t\/eyes: OK (toisessa silm\u00e4ss\u00e4 v\u00e4h\u00e4merkityksellinen muutos)<\/p>\n\n\n\n<p>HD: B<\/p>\n\n\n\n<p>ED:0\/0<\/p>\n\n\n\n<p>LC: Normal<\/p>\n\n\n\n<p>PN-Normal ( vanhempien kautta\/clear by parentage)<\/p>\n\n\n\n<p><a href=\"https:\/\/jalostus.kennelliitto.fi\/frmKoira.aspx?RekNo=FI29253%2F19&amp;R=243\">Sukutaulu<\/a><\/p>\n\n\n\n<p>Alpha saapui takaisin kotikenneliin elokuussa -24. Alphan perheess\u00e4 tapahtuneiden muutosten my\u00f6t\u00e4 se tarvitsi itselleen uuden kodin. Alphalle tehtiin n\u00e4yttely- ja terveystarkaskus suunnitelma syksylle. Se saavuttikin kahden maan valionarvon ja terveystuloksetkin oli hyv\u00e4t. Vuodelle -25 suunnitellaan lis\u00e4\u00e4 n\u00e4yttelyit\u00e4, etenkin ulkomailla.<\/p>\n\n\n\n<p> Alpha on luonteeltaan kovin samaa puuta, kuin sukulaisensa meid\u00e4n tontilla. Hiukan veljeens\u00e4 Nookkia vilkkaampi, mutta perushyv\u00e4 tyyppi.<\/p>\n\n\n\n<figure class=\"wp-block-image size-large is-resized\"><a href=\"https:\/\/bearvvis.com\/wp-content\/uploads\/2024\/08\/Alfa2-scaled.jpg\"><img loading=\"lazy\" decoding=\"async\" width=\"1024\" height=\"772\" src=\"https:\/\/bearvvis.com\/wp-content\/uploads\/2024\/08\/Alfa2-1024x772.jpg\" alt=\"\" class=\"wp-image-2100\" style=\"width:601px;height:auto\" srcset=\"https:\/\/bearvvis.com\/wp-content\/uploads\/2024\/08\/Alfa2-1024x772.jpg 1024w, https:\/\/bearvvis.com\/wp-content\/uploads\/2024\/08\/Alfa2-300x226.jpg 300w, https:\/\/bearvvis.com\/wp-content\/uploads\/2024\/08\/Alfa2-768x579.jpg 768w, https:\/\/bearvvis.com\/wp-content\/uploads\/2024\/08\/Alfa2-1536x1158.jpg 1536w, https:\/\/bearvvis.com\/wp-content\/uploads\/2024\/08\/Alfa2-2048x1543.jpg 2048w, https:\/\/bearvvis.com\/wp-content\/uploads\/2024\/08\/Alfa2-600x452.jpg 600w\" sizes=\"auto, (max-width: 1024px) 100vw, 1024px\" \/><\/a><\/figure>\n","protected":false},"excerpt":{"rendered":"<p>Synt.\/born&nbsp;3.5.2019 Is\u00e4\/sire: BISS, Multi ch, Multi winner Bearvvis Be Northern Explorer Em\u00e4\/dam: FI &amp; EE Mva\/ch &amp;EE V mva\/ch Bearvvis Nana\u00b4s First Silm\u00e4t\/eyes: OK (toisessa silm\u00e4ss\u00e4 v\u00e4h\u00e4merkityksellinen muutos) HD: B ED:0\/0 LC: Normal PN-Normal ( vanhempien kautta\/clear by parentage) Sukutaulu Alpha saapui takaisin kotikenneliin elokuussa -24. Alphan perheess\u00e4 tapahtuneiden muutosten my\u00f6t\u00e4 se tarvitsi itselleen uuden [&hellip;]<\/p>\n","protected":false},"author":1,"featured_media":0,"parent":16,"menu_order":10,"comment_status":"closed","ping_status":"closed","template":"","meta":{"footnotes":""},"class_list":["post-2098","page","type-page","status-publish","hentry"],"_links":{"self":[{"href":"https:\/\/bearvvis.com\/index.php?rest_route=\/wp\/v2\/pages\/2098","targetHints":{"allow":["GET"]}}],"collection":[{"href":"https:\/\/bearvvis.com\/index.php?rest_route=\/wp\/v2\/pages"}],"about":[{"href":"https:\/\/bearvvis.com\/index.php?rest_route=\/wp\/v2\/types\/page"}],"author":[{"embeddable":true,"href":"https:\/\/bearvvis.com\/index.php?rest_route=\/wp\/v2\/users\/1"}],"replies":[{"embeddable":true,"href":"https:\/\/bearvvis.com\/index.php?rest_route=%2Fwp%2Fv2%2Fcomments&post=2098"}],"version-history":[{"count":4,"href":"https:\/\/bearvvis.com\/index.php?rest_route=\/wp\/v2\/pages\/2098\/revisions"}],"predecessor-version":[{"id":2165,"href":"https:\/\/bearvvis.com\/index.php?rest_route=\/wp\/v2\/pages\/2098\/revisions\/2165"}],"up":[{"embeddable":true,"href":"https:\/\/bearvvis.com\/index.php?rest_route=\/wp\/v2\/pages\/16"}],"wp:attachment":[{"href":"https:\/\/bearvvis.com\/index.php?rest_route=%2Fwp%2Fv2%2Fmedia&parent=2098"}],"curies":[{"name":"wp","href":"https:\/\/api.w.org\/{rel}","templated":true}]}}