{"id":381,"date":"2016-04-13T08:34:22","date_gmt":"2016-04-13T08:34:22","guid":{"rendered":"http:\/\/bearvvis.com\/?page_id=381"},"modified":"2026-01-07T11:26:41","modified_gmt":"2026-01-07T11:26:41","slug":"lassi-lahjakas","status":"publish","type":"page","link":"https:\/\/bearvvis.com\/?page_id=381","title":{"rendered":"FI&amp; EE Vmva\/Vch EE Mva\/Ch Lassilahjakas &#8221;Lassi&#8221;"},"content":{"rendered":"<div id=\"attachment_382\" style=\"width: 310px\" class=\"wp-caption alignnone\"><a href=\"https:\/\/bearvvis.com\/wp-content\/uploads\/2016\/04\/IMG_6010.jpg\" rel=\"attachment wp-att-382\"><img loading=\"lazy\" decoding=\"async\" aria-describedby=\"caption-attachment-382\" class=\"wp-image-382 size-medium\" src=\"https:\/\/bearvvis.com\/wp-content\/uploads\/2016\/04\/IMG_6010-300x200.jpg\" alt=\"IMG_6010\" width=\"300\" height=\"200\" srcset=\"https:\/\/bearvvis.com\/wp-content\/uploads\/2016\/04\/IMG_6010-300x200.jpg 300w, https:\/\/bearvvis.com\/wp-content\/uploads\/2016\/04\/IMG_6010-768x512.jpg 768w, https:\/\/bearvvis.com\/wp-content\/uploads\/2016\/04\/IMG_6010-1024x683.jpg 1024w\" sizes=\"auto, (max-width: 300px) 100vw, 300px\" \/><\/a><p id=\"caption-attachment-382\" class=\"wp-caption-text\">Lassi 6 viikkoa<\/p><\/div>\n<div id=\"attachment_508\" style=\"width: 310px\" class=\"wp-caption alignnone\"><a href=\"https:\/\/bearvvis.com\/wp-content\/uploads\/2016\/04\/IMG-20170126-WA0003.jpg\"><img loading=\"lazy\" decoding=\"async\" aria-describedby=\"caption-attachment-508\" class=\"wp-image-508 size-medium\" src=\"https:\/\/bearvvis.com\/wp-content\/uploads\/2016\/04\/IMG-20170126-WA0003-300x200.jpg\" width=\"300\" height=\"200\" srcset=\"https:\/\/bearvvis.com\/wp-content\/uploads\/2016\/04\/IMG-20170126-WA0003-300x200.jpg 300w, https:\/\/bearvvis.com\/wp-content\/uploads\/2016\/04\/IMG-20170126-WA0003-768x512.jpg 768w, https:\/\/bearvvis.com\/wp-content\/uploads\/2016\/04\/IMG-20170126-WA0003-1024x682.jpg 1024w, https:\/\/bearvvis.com\/wp-content\/uploads\/2016\/04\/IMG-20170126-WA0003.jpg 1600w\" sizes=\"auto, (max-width: 300px) 100vw, 300px\" \/><\/a><p id=\"caption-attachment-508\" class=\"wp-caption-text\">Lassi vasemmalla ja vanhemmat Lilli ja Lalli oikealla<\/p><\/div>\n<p>Syntynyt: 2.2.2016<\/p>\n<p>Is\u00e4\/sire: Lapinpeikon Lillerilalleri<\/p>\n<p>Em\u00e4\/dam: Antartic\u00b4s explorer Nakkorsarpok<\/p>\n<p>HD&amp;ED: ei tutkittu<\/p>\n<p>Silm\u00e4t: Ok\/clear 2 \/2017<\/p>\n<p>Prcd-Pra: Normal (vanhempien kautta,clear by parentage)<\/p>\n<p>Pompen: Normal ( (vanhempien kautta,clear by parentage)<\/p>\n<p><a href=\"http:\/\/jalostus.kennelliitto.fi\/frmKoira.aspx?RekNo=FI20303%2F16&amp;R=189\">Sukutaulu<\/a><\/p>\n<p>Lassi on Lallin ja Lillin pentueesta kotiin j\u00e4\u00e4nyt poika. Luonteeltaan Lassi on aikalailla vanhempiensa keskelt\u00e4. Hieman enemm\u00e4n energiaa kuin is\u00e4ll\u00e4\u00e4n oli, mutta aika rauhallinen kuitenkin. Lassi on mainio perhekoira ja n\u00e4yttelyiss\u00e4k\u00e4\u00e4n ei ole tarvinut h\u00e4vet\u00e4.<\/p>\n","protected":false},"excerpt":{"rendered":"<p>Syntynyt: 2.2.2016 Is\u00e4\/sire: Lapinpeikon Lillerilalleri Em\u00e4\/dam: Antartic\u00b4s explorer Nakkorsarpok HD&amp;ED: ei tutkittu Silm\u00e4t: Ok\/clear 2 \/2017 Prcd-Pra: Normal (vanhempien kautta,clear by parentage) Pompen: Normal ( (vanhempien kautta,clear by parentage) Sukutaulu Lassi on Lallin ja Lillin pentueesta kotiin j\u00e4\u00e4nyt poika. Luonteeltaan Lassi on aikalailla vanhempiensa keskelt\u00e4. Hieman enemm\u00e4n energiaa kuin is\u00e4ll\u00e4\u00e4n oli, mutta aika rauhallinen kuitenkin. [&hellip;]<\/p>\n","protected":false},"author":1,"featured_media":0,"parent":141,"menu_order":2,"comment_status":"closed","ping_status":"closed","template":"","meta":{"footnotes":""},"class_list":["post-381","page","type-page","status-publish","hentry"],"_links":{"self":[{"href":"https:\/\/bearvvis.com\/index.php?rest_route=\/wp\/v2\/pages\/381","targetHints":{"allow":["GET"]}}],"collection":[{"href":"https:\/\/bearvvis.com\/index.php?rest_route=\/wp\/v2\/pages"}],"about":[{"href":"https:\/\/bearvvis.com\/index.php?rest_route=\/wp\/v2\/types\/page"}],"author":[{"embeddable":true,"href":"https:\/\/bearvvis.com\/index.php?rest_route=\/wp\/v2\/users\/1"}],"replies":[{"embeddable":true,"href":"https:\/\/bearvvis.com\/index.php?rest_route=%2Fwp%2Fv2%2Fcomments&post=381"}],"version-history":[{"count":17,"href":"https:\/\/bearvvis.com\/index.php?rest_route=\/wp\/v2\/pages\/381\/revisions"}],"predecessor-version":[{"id":2416,"href":"https:\/\/bearvvis.com\/index.php?rest_route=\/wp\/v2\/pages\/381\/revisions\/2416"}],"up":[{"embeddable":true,"href":"https:\/\/bearvvis.com\/index.php?rest_route=\/wp\/v2\/pages\/141"}],"wp:attachment":[{"href":"https:\/\/bearvvis.com\/index.php?rest_route=%2Fwp%2Fv2%2Fmedia&parent=381"}],"curies":[{"name":"wp","href":"https:\/\/api.w.org\/{rel}","templated":true}]}}