{"id":439,"date":"2016-12-28T09:05:00","date_gmt":"2016-12-28T09:05:00","guid":{"rendered":"http:\/\/bearvvis.com\/?page_id=439"},"modified":"2025-06-18T04:37:07","modified_gmt":"2025-06-18T04:37:07","slug":"bearvvis-ilaa-mingiksuk-supi","status":"publish","type":"page","link":"https:\/\/bearvvis.com\/?page_id=439","title":{"rendered":"C.I.B,FI &#038; EE &#038; LT Mva\/Ch Bearvvis Ilaa Mingiksuk &#8221;Supi&#8221; REK3"},"content":{"rendered":"<div id=\"attachment_760\" style=\"width: 306px\" class=\"wp-caption alignnone\"><a href=\"https:\/\/bearvvis.com\/wp-content\/uploads\/2016\/12\/Supi2.jpg\"><img loading=\"lazy\" decoding=\"async\" aria-describedby=\"caption-attachment-760\" class=\"wp-image-760 size-medium\" src=\"https:\/\/bearvvis.com\/wp-content\/uploads\/2016\/12\/Supi2-296x300.jpg\" width=\"296\" height=\"300\" srcset=\"https:\/\/bearvvis.com\/wp-content\/uploads\/2016\/12\/Supi2-296x300.jpg 296w, https:\/\/bearvvis.com\/wp-content\/uploads\/2016\/12\/Supi2-768x778.jpg 768w, https:\/\/bearvvis.com\/wp-content\/uploads\/2016\/12\/Supi2-1011x1024.jpg 1011w\" sizes=\"auto, (max-width: 296px) 100vw, 296px\" \/><\/a><p id=\"caption-attachment-760\" class=\"wp-caption-text\">Supi Fi mava 7\/18<\/p><\/div>\n<div id=\"attachment_679\" style=\"width: 310px\" class=\"wp-caption alignnone\"><a href=\"https:\/\/bearvvis.com\/wp-content\/uploads\/2018\/03\/Supi.jpg\"><img loading=\"lazy\" decoding=\"async\" aria-describedby=\"caption-attachment-679\" class=\"wp-image-679 size-medium\" src=\"https:\/\/bearvvis.com\/wp-content\/uploads\/2018\/03\/Supi-300x200.jpg\" width=\"300\" height=\"200\" srcset=\"https:\/\/bearvvis.com\/wp-content\/uploads\/2018\/03\/Supi-300x200.jpg 300w, https:\/\/bearvvis.com\/wp-content\/uploads\/2018\/03\/Supi-768x512.jpg 768w, https:\/\/bearvvis.com\/wp-content\/uploads\/2018\/03\/Supi-1024x683.jpg 1024w\" sizes=\"auto, (max-width: 300px) 100vw, 300px\" \/><\/a><p id=\"caption-attachment-679\" class=\"wp-caption-text\">Supi 3\/2018<\/p><\/div>\n<p><a href=\"https:\/\/bearvvis.com\/wp-content\/uploads\/2018\/03\/Supi-naama.jpg\"><img loading=\"lazy\" decoding=\"async\" class=\"alignnone size-medium wp-image-678\" src=\"https:\/\/bearvvis.com\/wp-content\/uploads\/2018\/03\/Supi-naama-200x300.jpg\" alt=\"\" width=\"200\" height=\"300\" srcset=\"https:\/\/bearvvis.com\/wp-content\/uploads\/2018\/03\/Supi-naama-200x300.jpg 200w, https:\/\/bearvvis.com\/wp-content\/uploads\/2018\/03\/Supi-naama-768x1152.jpg 768w, https:\/\/bearvvis.com\/wp-content\/uploads\/2018\/03\/Supi-naama-683x1024.jpg 683w\" sizes=\"auto, (max-width: 200px) 100vw, 200px\" \/><\/a><a href=\"https:\/\/bearvvis.com\/wp-content\/uploads\/2016\/12\/IMG_9134.jpg\"><img loading=\"lazy\" decoding=\"async\" class=\"alignnone size-medium wp-image-438\" src=\"https:\/\/bearvvis.com\/wp-content\/uploads\/2016\/12\/IMG_9134-300x200.jpg\" alt=\"\" width=\"300\" height=\"200\" srcset=\"https:\/\/bearvvis.com\/wp-content\/uploads\/2016\/12\/IMG_9134-300x200.jpg 300w, https:\/\/bearvvis.com\/wp-content\/uploads\/2016\/12\/IMG_9134-768x512.jpg 768w, https:\/\/bearvvis.com\/wp-content\/uploads\/2016\/12\/IMG_9134-1024x683.jpg 1024w\" sizes=\"auto, (max-width: 300px) 100vw, 300px\" \/><\/a><\/p>\n<p>Syntynyt\/born: 27.6.2016<\/p>\n<p>Is\u00e4\/sire: Fi Mva\/Ch Bearvvis White Frost<\/p>\n<p><a href=\"https:\/\/bearvvis.com\/wp-content\/uploads\/2014\/07\/frosti-jakami-etu.jpg\"><img loading=\"lazy\" decoding=\"async\" class=\"alignnone size-medium wp-image-80\" src=\"https:\/\/bearvvis.com\/wp-content\/uploads\/2014\/07\/frosti-jakami-etu-300x280.jpg\" alt=\"\" width=\"300\" height=\"280\" srcset=\"https:\/\/bearvvis.com\/wp-content\/uploads\/2014\/07\/frosti-jakami-etu-300x280.jpg 300w, https:\/\/bearvvis.com\/wp-content\/uploads\/2014\/07\/frosti-jakami-etu-1024x958.jpg 1024w, https:\/\/bearvvis.com\/wp-content\/uploads\/2014\/07\/frosti-jakami-etu-624x584.jpg 624w, https:\/\/bearvvis.com\/wp-content\/uploads\/2014\/07\/frosti-jakami-etu.jpg 1847w\" sizes=\"auto, (max-width: 300px) 100vw, 300px\" \/><\/a><\/p>\n<p>Em\u00e4\/dam:\u00a0 Fi Mva \/Ch Bearvvis Nana\u00b4s First<\/p>\n<p><a href=\"https:\/\/bearvvis.com\/wp-content\/uploads\/2014\/07\/IMG_4481.jpg\"><img loading=\"lazy\" decoding=\"async\" class=\"alignnone size-medium wp-image-545\" src=\"https:\/\/bearvvis.com\/wp-content\/uploads\/2014\/07\/IMG_4481-300x200.jpg\" alt=\"\" width=\"300\" height=\"200\" srcset=\"https:\/\/bearvvis.com\/wp-content\/uploads\/2014\/07\/IMG_4481-300x200.jpg 300w, https:\/\/bearvvis.com\/wp-content\/uploads\/2014\/07\/IMG_4481-768x512.jpg 768w, https:\/\/bearvvis.com\/wp-content\/uploads\/2014\/07\/IMG_4481-1024x683.jpg 1024w\" sizes=\"auto, (max-width: 300px) 100vw, 300px\" \/><\/a><\/p>\n<p><a href=\"http:\/\/jalostus.kennelliitto.fi\/frmKoira.aspx?RekNo=FI43180%2F16&amp;R=243\">Sukutaulu<\/a><\/p>\n<p>HD: A\/B<\/p>\n<p>ED:0\/0<\/p>\n<p>Silm\u00e4t\/eyes: PHPVL 2-6<\/p>\n<p>PN: Normal ( vanhempien kautta\/clear by parentage)<\/p>\n<p>LC: Kantaja, Long coat carrier<\/p>\n<p>Supi on sosiaalinen, aina iloinen narttu. Supin ulkon\u00e4\u00f6ss\u00e4 ja luonteessa n\u00e4kyy eniten Frosti-is\u00e4n tausta.<\/p>\n<p>Supi\u00a0 kehittyi kauniiksi sukunsa edustajaksi. N\u00e4yttelyist\u00e4 tasaista ERI:\u00e4 nuorena saanut Supi valioitui helposti\u00a0 heti 2 vuoden i\u00e4ss\u00e4, kun viimeiset sertit tulivat per\u00e4tt\u00e4isist\u00e4 n\u00e4yttelyist\u00e4.<\/p>\n<p>Supi juoksi ensimm\u00e4isen kisansa 2 x 4.2 km sulan maan kisoissa tytt\u00e4reni kanssa junioriluokassa syksyll\u00e4 2017, Nafi \u00e4itins\u00e4 ja M\u00f6k\u00f6n kanssa, ja jatkoi kisauraa lokakuussa 2018.<\/p>\n<p>Supi valmistui kansanv\u00e4iseksi muotovalioksi kes\u00e4ll\u00e4 2019.<\/p>\n<p>Supin toisessa silm\u00e4ss\u00e4 oleva vaikeampi PHPVL muoto katkaisi t\u00e4m\u00e4n hienon koiran jalostussuunnitelmat, vaikka pitk\u00e4\u00e4n sit\u00e4 kaikesta huolimatta mietittiin. Yleisen mielipiteen ja toisaalta se vuoksi, ett\u00e4 silm\u00e4\u00e4n voi kehitty\u00e4 lopulta vaikka kaihi, j\u00e4timme jalostuksen pois laskuista. P\u00e4\u00e4t\u00f6s ei ollut helppo, koska aina n\u00e4m\u00e4 ei suoraviivaisesti periydy, mutta Supi steriloitiin siskonsa kanssa ja sai jatkaa valjakkohommia , ilman keskeytyksi\u00e4. Nyt Supi on kuitenkin jo enemm\u00e4n el\u00e4kkeell\u00e4 ja juoksee satunnaisesti valjakossa.<\/p>\n","protected":false},"excerpt":{"rendered":"<p>Syntynyt\/born: 27.6.2016 Is\u00e4\/sire: Fi Mva\/Ch Bearvvis White Frost Em\u00e4\/dam:\u00a0 Fi Mva \/Ch Bearvvis Nana\u00b4s First Sukutaulu HD: A\/B ED:0\/0 Silm\u00e4t\/eyes: PHPVL 2-6 PN: Normal ( vanhempien kautta\/clear by parentage) LC: Kantaja, Long coat carrier Supi on sosiaalinen, aina iloinen narttu. Supin ulkon\u00e4\u00f6ss\u00e4 ja luonteessa n\u00e4kyy eniten Frosti-is\u00e4n tausta. Supi\u00a0 kehittyi kauniiksi sukunsa edustajaksi. N\u00e4yttelyist\u00e4 tasaista [&hellip;]<\/p>\n","protected":false},"author":1,"featured_media":0,"parent":18,"menu_order":3,"comment_status":"closed","ping_status":"closed","template":"","meta":{"footnotes":""},"class_list":["post-439","page","type-page","status-publish","hentry"],"_links":{"self":[{"href":"https:\/\/bearvvis.com\/index.php?rest_route=\/wp\/v2\/pages\/439","targetHints":{"allow":["GET"]}}],"collection":[{"href":"https:\/\/bearvvis.com\/index.php?rest_route=\/wp\/v2\/pages"}],"about":[{"href":"https:\/\/bearvvis.com\/index.php?rest_route=\/wp\/v2\/types\/page"}],"author":[{"embeddable":true,"href":"https:\/\/bearvvis.com\/index.php?rest_route=\/wp\/v2\/users\/1"}],"replies":[{"embeddable":true,"href":"https:\/\/bearvvis.com\/index.php?rest_route=%2Fwp%2Fv2%2Fcomments&post=439"}],"version-history":[{"count":21,"href":"https:\/\/bearvvis.com\/index.php?rest_route=\/wp\/v2\/pages\/439\/revisions"}],"predecessor-version":[{"id":2326,"href":"https:\/\/bearvvis.com\/index.php?rest_route=\/wp\/v2\/pages\/439\/revisions\/2326"}],"up":[{"embeddable":true,"href":"https:\/\/bearvvis.com\/index.php?rest_route=\/wp\/v2\/pages\/18"}],"wp:attachment":[{"href":"https:\/\/bearvvis.com\/index.php?rest_route=%2Fwp%2Fv2%2Fmedia&parent=439"}],"curies":[{"name":"wp","href":"https:\/\/api.w.org\/{rel}","templated":true}]}}