{"id":69,"date":"2014-07-24T17:07:39","date_gmt":"2014-07-24T17:07:39","guid":{"rendered":"http:\/\/bearvvis.com\/?page_id=69"},"modified":"2025-04-12T16:51:06","modified_gmt":"2025-04-12T16:51:06","slug":"fi-mvach-bearvvis-kunikpok-rek2","status":"publish","type":"page","link":"https:\/\/bearvvis.com\/?page_id=69","title":{"rendered":"In memoriam FI Mva\/Ch Bearvvis Kunikpok REK2"},"content":{"rendered":"<div id=\"attachment_79\" style=\"width: 310px\" class=\"wp-caption alignnone\"><a href=\"https:\/\/bearvvis.com\/wp-content\/uploads\/2014\/07\/Kunik-3weeks.jpg\"><img loading=\"lazy\" decoding=\"async\" aria-describedby=\"caption-attachment-79\" class=\"wp-image-79 size-medium\" src=\"https:\/\/bearvvis.com\/wp-content\/uploads\/2014\/07\/Kunik-3weeks-300x222.jpg\" alt=\"OLYMPUS DIGITAL CAMERA\" width=\"300\" height=\"222\" srcset=\"https:\/\/bearvvis.com\/wp-content\/uploads\/2014\/07\/Kunik-3weeks-300x222.jpg 300w, https:\/\/bearvvis.com\/wp-content\/uploads\/2014\/07\/Kunik-3weeks-1024x759.jpg 1024w, https:\/\/bearvvis.com\/wp-content\/uploads\/2014\/07\/Kunik-3weeks-624x462.jpg 624w, https:\/\/bearvvis.com\/wp-content\/uploads\/2014\/07\/Kunik-3weeks.jpg 1240w\" sizes=\"auto, (max-width: 300px) 100vw, 300px\" \/><\/a><p id=\"caption-attachment-79\" class=\"wp-caption-text\">Bearvvis Kunikpok 3 viikkoa vanhana\/3 weeks old<\/p><\/div>\n<p>Syntyi\/Born: 29.7.2004- 30.12.2014<\/p>\n<p>Is\u00e4\/sire: Am Ch Barrenfield Major Knockout<\/p>\n<p>Em\u00e4\/dam: Bearvvis Iglafaruq<\/p>\n<p>Lonkat\/HD: A, kyyn\u00e4r\u00e4t\/ED:0\/0, silm\u00e4t\/eyes ok \/clear<\/p>\n<p>PN: Normal<\/p>\n<p>LC: Kantaja, long coat carrier<\/p>\n<p>Kunik oli siskonsa Kamin kanssa kotiin j\u00e4\u00e4nyt lauman johtaja uros. Kunik oli luonteeltaan tasainen ja erinomainen opettaja nuoremmille koirille.\u00a0Kunik nukkui pois yll\u00e4tt\u00e4en uuden vuoden alla. Kunikissa oli sit\u00e4 jotain ja se oli monelle se malamuutin hankintaan vaikuttanut koiran tapaaminen. Kunikki j\u00e4i kaipaamaan oman perheen lis\u00e4ksi , moni yst\u00e4v\u00e4.<\/p>\n<p><a href=\"https:\/\/bearvvis.com\/wp-content\/uploads\/2014\/07\/Kopio-kunik-hki.jpg\"><img loading=\"lazy\" decoding=\"async\" class=\"alignnone size-medium wp-image-70\" src=\"https:\/\/bearvvis.com\/wp-content\/uploads\/2014\/07\/Kopio-kunik-hki-300x182.jpg\" alt=\"Kopio kunik hki\" width=\"300\" height=\"182\" srcset=\"https:\/\/bearvvis.com\/wp-content\/uploads\/2014\/07\/Kopio-kunik-hki-300x182.jpg 300w, https:\/\/bearvvis.com\/wp-content\/uploads\/2014\/07\/Kopio-kunik-hki.jpg 428w\" sizes=\"auto, (max-width: 300px) 100vw, 300px\" \/><\/a> <a href=\"https:\/\/bearvvis.com\/wp-content\/uploads\/2014\/07\/IMG_3741.jpg\"><img loading=\"lazy\" decoding=\"async\" class=\"alignnone size-medium wp-image-71\" src=\"https:\/\/bearvvis.com\/wp-content\/uploads\/2014\/07\/IMG_3741-300x225.jpg\" alt=\"IMG_3741\" width=\"300\" height=\"225\" srcset=\"https:\/\/bearvvis.com\/wp-content\/uploads\/2014\/07\/IMG_3741-300x225.jpg 300w, https:\/\/bearvvis.com\/wp-content\/uploads\/2014\/07\/IMG_3741-1024x768.jpg 1024w, https:\/\/bearvvis.com\/wp-content\/uploads\/2014\/07\/IMG_3741-624x468.jpg 624w, https:\/\/bearvvis.com\/wp-content\/uploads\/2014\/07\/IMG_3741.jpg 2048w\" sizes=\"auto, (max-width: 300px) 100vw, 300px\" \/><\/a><\/p>\n<p><a href=\"https:\/\/bearvvis.com\/wp-content\/uploads\/2014\/07\/kunik-helsinki.jpg\"><img loading=\"lazy\" decoding=\"async\" class=\"alignnone wp-image-122 size-medium\" src=\"https:\/\/bearvvis.com\/wp-content\/uploads\/2014\/07\/kunik-helsinki-300x277.jpg\" alt=\"kunik helsinki\" width=\"300\" height=\"277\" srcset=\"https:\/\/bearvvis.com\/wp-content\/uploads\/2014\/07\/kunik-helsinki-300x277.jpg 300w, https:\/\/bearvvis.com\/wp-content\/uploads\/2014\/07\/kunik-helsinki-624x576.jpg 624w, https:\/\/bearvvis.com\/wp-content\/uploads\/2014\/07\/kunik-helsinki.jpg 756w\" sizes=\"auto, (max-width: 300px) 100vw, 300px\" \/><\/a><\/p>\n<p>&nbsp;<\/p>\n","protected":false},"excerpt":{"rendered":"<p>Syntyi\/Born: 29.7.2004- 30.12.2014 Is\u00e4\/sire: Am Ch Barrenfield Major Knockout Em\u00e4\/dam: Bearvvis Iglafaruq Lonkat\/HD: A, kyyn\u00e4r\u00e4t\/ED:0\/0, silm\u00e4t\/eyes ok \/clear PN: Normal LC: Kantaja, long coat carrier Kunik oli siskonsa Kamin kanssa kotiin j\u00e4\u00e4nyt lauman johtaja uros. Kunik oli luonteeltaan tasainen ja erinomainen opettaja nuoremmille koirille.\u00a0Kunik nukkui pois yll\u00e4tt\u00e4en uuden vuoden alla. Kunikissa oli sit\u00e4 jotain ja [&hellip;]<\/p>\n","protected":false},"author":1,"featured_media":0,"parent":552,"menu_order":4,"comment_status":"closed","ping_status":"open","template":"","meta":{"footnotes":""},"class_list":["post-69","page","type-page","status-publish","hentry"],"_links":{"self":[{"href":"https:\/\/bearvvis.com\/index.php?rest_route=\/wp\/v2\/pages\/69","targetHints":{"allow":["GET"]}}],"collection":[{"href":"https:\/\/bearvvis.com\/index.php?rest_route=\/wp\/v2\/pages"}],"about":[{"href":"https:\/\/bearvvis.com\/index.php?rest_route=\/wp\/v2\/types\/page"}],"author":[{"embeddable":true,"href":"https:\/\/bearvvis.com\/index.php?rest_route=\/wp\/v2\/users\/1"}],"replies":[{"embeddable":true,"href":"https:\/\/bearvvis.com\/index.php?rest_route=%2Fwp%2Fv2%2Fcomments&post=69"}],"version-history":[{"count":7,"href":"https:\/\/bearvvis.com\/index.php?rest_route=\/wp\/v2\/pages\/69\/revisions"}],"predecessor-version":[{"id":178,"href":"https:\/\/bearvvis.com\/index.php?rest_route=\/wp\/v2\/pages\/69\/revisions\/178"}],"up":[{"embeddable":true,"href":"https:\/\/bearvvis.com\/index.php?rest_route=\/wp\/v2\/pages\/552"}],"wp:attachment":[{"href":"https:\/\/bearvvis.com\/index.php?rest_route=%2Fwp%2Fv2%2Fmedia&parent=69"}],"curies":[{"name":"wp","href":"https:\/\/api.w.org\/{rel}","templated":true}]}}