{"id":95,"date":"2014-07-24T19:38:14","date_gmt":"2014-07-24T19:38:14","guid":{"rendered":"http:\/\/bearvvis.com\/?page_id=95"},"modified":"2025-04-12T16:51:06","modified_gmt":"2025-04-12T16:51:06","slug":"bearvvis-nanas-first","status":"publish","type":"page","link":"https:\/\/bearvvis.com\/?page_id=95","title":{"rendered":"In memoriam FI &#038; EE Mva\/Ch EE Vmva Bearvvis Nana\u00b4s First &#8221;Nafi&#8221; REK3"},"content":{"rendered":"<div id=\"attachment_83\" style=\"width: 210px\" class=\"wp-caption alignnone\"><a href=\"https:\/\/bearvvis.com\/wp-content\/uploads\/2014\/07\/Nafi-5vkoa-020.jpg\"><img loading=\"lazy\" decoding=\"async\" aria-describedby=\"caption-attachment-83\" class=\"wp-image-83 size-medium\" src=\"https:\/\/bearvvis.com\/wp-content\/uploads\/2014\/07\/Nafi-5vkoa-020-200x300.jpg\" alt=\"Nafi 5 viikkoa\/weeks\" width=\"200\" height=\"300\" srcset=\"https:\/\/bearvvis.com\/wp-content\/uploads\/2014\/07\/Nafi-5vkoa-020-200x300.jpg 200w, https:\/\/bearvvis.com\/wp-content\/uploads\/2014\/07\/Nafi-5vkoa-020-682x1024.jpg 682w, https:\/\/bearvvis.com\/wp-content\/uploads\/2014\/07\/Nafi-5vkoa-020-624x936.jpg 624w\" sizes=\"auto, (max-width: 200px) 100vw, 200px\" \/><\/a><p id=\"caption-attachment-83\" class=\"wp-caption-text\">Nafi 5 viikkoa\/weeks<\/p><\/div>\n<div id=\"attachment_115\" style=\"width: 310px\" class=\"wp-caption alignnone\"><a href=\"https:\/\/bearvvis.com\/wp-content\/uploads\/2014\/07\/Pellolla-25.3-005.jpg\"><img loading=\"lazy\" decoding=\"async\" aria-describedby=\"caption-attachment-115\" class=\"wp-image-115 size-medium\" src=\"https:\/\/bearvvis.com\/wp-content\/uploads\/2014\/07\/Pellolla-25.3-005-300x200.jpg\" alt=\"Pellolla 25.3 005\" width=\"300\" height=\"200\" srcset=\"https:\/\/bearvvis.com\/wp-content\/uploads\/2014\/07\/Pellolla-25.3-005-300x200.jpg 300w, https:\/\/bearvvis.com\/wp-content\/uploads\/2014\/07\/Pellolla-25.3-005-1024x682.jpg 1024w, https:\/\/bearvvis.com\/wp-content\/uploads\/2014\/07\/Pellolla-25.3-005-624x416.jpg 624w\" sizes=\"auto, (max-width: 300px) 100vw, 300px\" \/><\/a><p id=\"caption-attachment-115\" class=\"wp-caption-text\">Nafi 03.2014<\/p><\/div>\n<div id=\"attachment_544\" style=\"width: 310px\" class=\"wp-caption alignnone\"><a href=\"https:\/\/bearvvis.com\/wp-content\/uploads\/2014\/07\/IMG_4484-2.jpg\"><img loading=\"lazy\" decoding=\"async\" aria-describedby=\"caption-attachment-544\" class=\"wp-image-544 size-medium\" src=\"https:\/\/bearvvis.com\/wp-content\/uploads\/2014\/07\/IMG_4484-2-300x200.jpg\" width=\"300\" height=\"200\" srcset=\"https:\/\/bearvvis.com\/wp-content\/uploads\/2014\/07\/IMG_4484-2-300x200.jpg 300w, https:\/\/bearvvis.com\/wp-content\/uploads\/2014\/07\/IMG_4484-2-768x512.jpg 768w, https:\/\/bearvvis.com\/wp-content\/uploads\/2014\/07\/IMG_4484-2-1024x683.jpg 1024w\" sizes=\"auto, (max-width: 300px) 100vw, 300px\" \/><\/a><p id=\"caption-attachment-544\" class=\"wp-caption-text\">Fi Mva &#8221;Nafi&#8221; 7\/2017<\/p><\/div>\n<p><a href=\"https:\/\/bearvvis.com\/wp-content\/uploads\/2014\/07\/IMG_4481.jpg\"><img loading=\"lazy\" decoding=\"async\" class=\"alignnone size-medium wp-image-545\" src=\"https:\/\/bearvvis.com\/wp-content\/uploads\/2014\/07\/IMG_4481-300x200.jpg\" alt=\"\" width=\"300\" height=\"200\" srcset=\"https:\/\/bearvvis.com\/wp-content\/uploads\/2014\/07\/IMG_4481-300x200.jpg 300w, https:\/\/bearvvis.com\/wp-content\/uploads\/2014\/07\/IMG_4481-768x512.jpg 768w, https:\/\/bearvvis.com\/wp-content\/uploads\/2014\/07\/IMG_4481-1024x683.jpg 1024w\" sizes=\"auto, (max-width: 300px) 100vw, 300px\" \/><\/a><\/p>\n<div id=\"attachment_687\" style=\"width: 210px\" class=\"wp-caption alignnone\"><a href=\"https:\/\/bearvvis.com\/wp-content\/uploads\/2014\/07\/Nafi.jpg\"><img loading=\"lazy\" decoding=\"async\" aria-describedby=\"caption-attachment-687\" class=\"wp-image-687 size-medium\" src=\"https:\/\/bearvvis.com\/wp-content\/uploads\/2014\/07\/Nafi-200x300.jpg\" width=\"200\" height=\"300\" srcset=\"https:\/\/bearvvis.com\/wp-content\/uploads\/2014\/07\/Nafi-200x300.jpg 200w, https:\/\/bearvvis.com\/wp-content\/uploads\/2014\/07\/Nafi-768x1152.jpg 768w, https:\/\/bearvvis.com\/wp-content\/uploads\/2014\/07\/Nafi-683x1024.jpg 683w\" sizes=\"auto, (max-width: 200px) 100vw, 200px\" \/><\/a><p id=\"caption-attachment-687\" class=\"wp-caption-text\">Nafi 3\/2018<\/p><\/div>\n<p>S.15.6.2012-4.7.2022<\/p>\n<p>Is\u00e4\/sire: <span id=\"lblKoira\"><small>FI MVA SE MVA PMV-11<\/small><\/span> White Fang Inditarod<\/p>\n<div id=\"attachment_599\" style=\"width: 310px\" class=\"wp-caption alignnone\"><a href=\"https:\/\/bearvvis.com\/wp-content\/uploads\/2017\/11\/fang.jpg\"><img loading=\"lazy\" decoding=\"async\" aria-describedby=\"caption-attachment-599\" class=\"wp-image-599 size-medium\" src=\"https:\/\/bearvvis.com\/wp-content\/uploads\/2017\/11\/fang-300x285.jpg\" width=\"300\" height=\"285\" srcset=\"https:\/\/bearvvis.com\/wp-content\/uploads\/2017\/11\/fang-300x285.jpg 300w, https:\/\/bearvvis.com\/wp-content\/uploads\/2017\/11\/fang.jpg 411w\" sizes=\"auto, (max-width: 300px) 100vw, 300px\" \/><\/a><p id=\"caption-attachment-599\" class=\"wp-caption-text\">C.I.B CSSP CH PL CH SL CH EUW-08 White Fang Inditarod<\/p><\/div>\n<p>Em\u00e4\/dam: <span id=\"lblKoira\"><small>FI MVA EE MVA<\/small><\/span> Bearvvis Snow Queen<\/p>\n<div id=\"attachment_595\" style=\"width: 259px\" class=\"wp-caption alignnone\"><a href=\"https:\/\/bearvvis.com\/wp-content\/uploads\/2017\/11\/Nana-erkkari.jpg\"><img loading=\"lazy\" decoding=\"async\" aria-describedby=\"caption-attachment-595\" class=\"wp-image-595\" src=\"https:\/\/bearvvis.com\/wp-content\/uploads\/2017\/11\/Nana-erkkari-284x300.jpg\" width=\"249\" height=\"239\"><\/a><p id=\"caption-attachment-595\" class=\"wp-caption-text\">FI &amp;EE Mva \/Ch Bearvvis Snow Queen &#8221;Nana&#8221;<\/p><\/div>\n<p>Silm\u00e4t\/eyes:&nbsp; 4.2.2021 Ok<\/p>\n<p>Lonkat\/ HD: B, Kyyn\u00e4rp\u00e4\u00e4t ED: 0\/0<\/p>\n<p>PN testi\/PN-test: Normal<\/p>\n<p>LC: Kantaja, Long coat carrier<\/p>\n<p><a href=\"http:\/\/jalostus.kennelliitto.fi\/frmKoira.aspx?RekNo=FI48146%2F12&amp;R=243\">Sukutaulu\/pedigree<\/a><\/p>\n<p>Nafi oli laumaamme j\u00e4tetty &#8221;kamilainen&#8221; ja oli&nbsp; Kamin lapsenlapsi. Nafi&nbsp; kehittyi&nbsp; fyysisesti hitaasti, mutta varmasti. Valioksi Nafi tuli kes\u00e4ll\u00e4 2017, ja onkin nyt vanhempana parhaimmillaan fyysisesti. Nafi oli erinomainen liikkuja ja valjakkohommissa esitti erinomaista ty\u00f6skentely\u00e4 sek\u00e4 toimi my\u00f6s k\u00e4rkikoirana. Nafi osallistui tytt\u00e4reni kanssa junioriluokkaan sulan maan kisoissa J\u00e4mill\u00e4 (2017), juosten k\u00e4rjess\u00e4 yhdess\u00e4 M\u00f6k\u00f6n kanssa. Kisa meni hienosti, joten jatkoa tuli kisoihin.<\/p>\n<p>Nafi sai ensimm\u00e4isen pentueensa kes\u00e4ll\u00e4 2015. Siit\u00e4 kotiin j\u00e4tettiin tyt\u00e4r &#8221;<a href=\"https:\/\/bearvvis.com\/?page_id=242\">Nanga<\/a>&#8221; ja sijoitettiin toinen narttu &#8221;Halla&#8221; . Nafin toinen pentue vuodelta 2016 oli meid\u00e4n Frostin kanssa, josta kotiin j\u00e4tettiin &#8221;<a href=\"https:\/\/bearvvis.com\/?page_id=435\">Nuunu<\/a>&#8221; ja <a href=\"https:\/\/bearvvis.com\/?page_id=439\">&#8221;Supi<\/a>&#8221; , sek\u00e4 sijoitetiin &#8221;<a href=\"https:\/\/bearvvis.com\/?page_id=445\">Nanuk<\/a>&#8221;.&nbsp; Kolmannesta ja samalla viimeisest\u00e4 pentueesta kotiin j\u00e4tettiin urospentu &#8221;Nuuk&#8221; ja sijoitettiin Porin seudulle &#8221;<a href=\"https:\/\/bearvvis.com\/?page_id=969\">Hilla<\/a>&#8221;.<\/p>\n<p>Nafi jouduttiin yll\u00e4tt\u00e4en p\u00e4\u00e4st\u00e4m\u00e4\u00e4n ikiuneen v\u00e4h\u00e4n reilun kymmenen vuoden i\u00e4ss\u00e4, kun em\u00e4ttimen ja per\u00e4suolen v\u00e4liin oli p\u00e4\u00e4ssyt kasvamaan iso kasvain, jonka poisto ei olisi ollut helppo eik\u00e4 etenk\u00e4\u00e4n lopputulos toimpumisesta varmaa, niin teimme kipe\u00e4n p\u00e4\u00e4t\u00f6ksen, kun kasvain painoi suolistoon ja esti kunnolla ulostamisen. Nafi viel\u00e4 viimeisen kuukauden aikana sai menetyst\u00e4 n\u00e4yttelyst\u00e4.&nbsp; Lep\u00e4\u00e4 rauhassa rakas Nafi.<\/p>\n","protected":false},"excerpt":{"rendered":"<p>S.15.6.2012-4.7.2022 Is\u00e4\/sire: FI MVA SE MVA PMV-11 White Fang Inditarod Em\u00e4\/dam: FI MVA EE MVA Bearvvis Snow Queen Silm\u00e4t\/eyes:&nbsp; 4.2.2021 Ok Lonkat\/ HD: B, Kyyn\u00e4rp\u00e4\u00e4t ED: 0\/0 PN testi\/PN-test: Normal LC: Kantaja, Long coat carrier Sukutaulu\/pedigree Nafi oli laumaamme j\u00e4tetty &#8221;kamilainen&#8221; ja oli&nbsp; Kamin lapsenlapsi. Nafi&nbsp; kehittyi&nbsp; fyysisesti hitaasti, mutta varmasti. Valioksi Nafi tuli kes\u00e4ll\u00e4 [&hellip;]<\/p>\n","protected":false},"author":1,"featured_media":0,"parent":552,"menu_order":7,"comment_status":"closed","ping_status":"open","template":"","meta":{"footnotes":""},"class_list":["post-95","page","type-page","status-publish","hentry"],"_links":{"self":[{"href":"https:\/\/bearvvis.com\/index.php?rest_route=\/wp\/v2\/pages\/95","targetHints":{"allow":["GET"]}}],"collection":[{"href":"https:\/\/bearvvis.com\/index.php?rest_route=\/wp\/v2\/pages"}],"about":[{"href":"https:\/\/bearvvis.com\/index.php?rest_route=\/wp\/v2\/types\/page"}],"author":[{"embeddable":true,"href":"https:\/\/bearvvis.com\/index.php?rest_route=\/wp\/v2\/users\/1"}],"replies":[{"embeddable":true,"href":"https:\/\/bearvvis.com\/index.php?rest_route=%2Fwp%2Fv2%2Fcomments&post=95"}],"version-history":[{"count":29,"href":"https:\/\/bearvvis.com\/index.php?rest_route=\/wp\/v2\/pages\/95\/revisions"}],"predecessor-version":[{"id":1658,"href":"https:\/\/bearvvis.com\/index.php?rest_route=\/wp\/v2\/pages\/95\/revisions\/1658"}],"up":[{"embeddable":true,"href":"https:\/\/bearvvis.com\/index.php?rest_route=\/wp\/v2\/pages\/552"}],"wp:attachment":[{"href":"https:\/\/bearvvis.com\/index.php?rest_route=%2Fwp%2Fv2%2Fmedia&parent=95"}],"curies":[{"name":"wp","href":"https:\/\/api.w.org\/{rel}","templated":true}]}}