{"id":965,"date":"2019-08-19T05:40:25","date_gmt":"2019-08-19T05:40:25","guid":{"rendered":"http:\/\/bearvvis.com\/?page_id=965"},"modified":"2026-02-17T12:48:01","modified_gmt":"2026-02-17T12:48:01","slug":"fibeavvic-theo-theo","status":"publish","type":"page","link":"https:\/\/bearvvis.com\/?page_id=965","title":{"rendered":"CH FI*Beavvic Theo &#8221;Theo&#8221;"},"content":{"rendered":"<p><a href=\"https:\/\/bearvvis.com\/wp-content\/uploads\/2019\/08\/IMG_1518-2.jpg\"><img loading=\"lazy\" decoding=\"async\" class=\"alignnone size-medium wp-image-966\" src=\"https:\/\/bearvvis.com\/wp-content\/uploads\/2019\/08\/IMG_1518-2-265x300.jpg\" alt=\"\" width=\"265\" height=\"300\" srcset=\"https:\/\/bearvvis.com\/wp-content\/uploads\/2019\/08\/IMG_1518-2-265x300.jpg 265w, https:\/\/bearvvis.com\/wp-content\/uploads\/2019\/08\/IMG_1518-2-768x870.jpg 768w, https:\/\/bearvvis.com\/wp-content\/uploads\/2019\/08\/IMG_1518-2-904x1024.jpg 904w\" sizes=\"auto, (max-width: 265px) 100vw, 265px\" \/><\/a><\/p>\n<p>Synt.\/born. 24.5.2019<\/p>\n<p>EMS: Sib n 24<\/p>\n<p>V\u00e4ri: Ruskeat\u00e4plik\u00e4s<\/p>\n<p>Veriryhm\u00e4: A<\/p>\n<p>FeLV\/FIV Neg.<\/p>\n<p>HCM: Sairas<\/p>\n<p>PKD: Normal<\/p>\n<p>Is\u00e4\/sire:\u00a0<strong><span class=\"auto-style4\">SC FI*Amurin Ruufus DVM DSM &#8221;Ruufus&#8221;<\/span><\/strong><\/p>\n<h5><span class=\"auto-style2\">HCM neg 18.2.2013 and 29.12.2011, Felv, FIV neg, veriryhm\u00e4 A\/ bloodgroup A<br \/>\nCS gene neg. (not carrier)\u00a0<span id=\"cphContent_perustiedot_cEMSKoodiString\">SIB n 24<\/span><\/span><\/h5>\n<p>Em\u00e4\/Dam\u00a0<span class=\"auto-style4\"><strong>FI*<\/strong><\/span> <strong>Bluefairies Tuisku &#8221;Tiuku&#8221;<\/strong><\/p>\n<h5><span class=\"auto-style2\"> Felv, FIV neg, veriryhm\u00e4 A\/ bloodgroup A\u00a0<span id=\"cphContent_perustiedot_cEMSKoodiString\">SIB n 24<\/span><\/span><\/h5>\n<p>Theo on oikein seurallinen ja lempe\u00e4 leikattu kolli. Theo viihtyy ihmisten l\u00e4hell\u00e4 ja nauttii rapsutuksista enemm\u00e4n kuin silittelyist\u00e4.<\/p>\n<p>Theok\u00e4vi muutamissa n\u00e4yttelyiss\u00e4 ja valmistui muotovalioksi loppuvuonna 2021. Theon n\u00e4yttely ja siitosura kuitenkin loppui lyhyeen, kun Theolle puhkesi HCM. Theo oli kertaalleen aiemmin ultrattu terveeksi, mutta t\u00e4m\u00e4 ik\u00e4v\u00e4 sairaus, kuitenkin sielt\u00e4 l\u00f6ytyi, kun Theon kunto romahti.\u00a0 Theon l\u00e4\u00e4kitys ja olotila on balanssissa ja Theo nauttii kotikissan el\u00e4m\u00e4st\u00e4.<\/p>\n","protected":false},"excerpt":{"rendered":"<p>Synt.\/born. 24.5.2019 EMS: Sib n 24 V\u00e4ri: Ruskeat\u00e4plik\u00e4s Veriryhm\u00e4: A FeLV\/FIV Neg. HCM: Sairas PKD: Normal Is\u00e4\/sire:\u00a0SC FI*Amurin Ruufus DVM DSM &#8221;Ruufus&#8221; HCM neg 18.2.2013 and 29.12.2011, Felv, FIV neg, veriryhm\u00e4 A\/ bloodgroup A CS gene neg. (not carrier)\u00a0SIB n 24 Em\u00e4\/Dam\u00a0FI* Bluefairies Tuisku &#8221;Tiuku&#8221; Felv, FIV neg, veriryhm\u00e4 A\/ bloodgroup A\u00a0SIB n 24 Theo [&hellip;]<\/p>\n","protected":false},"author":1,"featured_media":0,"parent":891,"menu_order":0,"comment_status":"closed","ping_status":"closed","template":"","meta":{"footnotes":""},"class_list":["post-965","page","type-page","status-publish","hentry"],"_links":{"self":[{"href":"https:\/\/bearvvis.com\/index.php?rest_route=\/wp\/v2\/pages\/965","targetHints":{"allow":["GET"]}}],"collection":[{"href":"https:\/\/bearvvis.com\/index.php?rest_route=\/wp\/v2\/pages"}],"about":[{"href":"https:\/\/bearvvis.com\/index.php?rest_route=\/wp\/v2\/types\/page"}],"author":[{"embeddable":true,"href":"https:\/\/bearvvis.com\/index.php?rest_route=\/wp\/v2\/users\/1"}],"replies":[{"embeddable":true,"href":"https:\/\/bearvvis.com\/index.php?rest_route=%2Fwp%2Fv2%2Fcomments&post=965"}],"version-history":[{"count":5,"href":"https:\/\/bearvvis.com\/index.php?rest_route=\/wp\/v2\/pages\/965\/revisions"}],"predecessor-version":[{"id":2431,"href":"https:\/\/bearvvis.com\/index.php?rest_route=\/wp\/v2\/pages\/965\/revisions\/2431"}],"up":[{"embeddable":true,"href":"https:\/\/bearvvis.com\/index.php?rest_route=\/wp\/v2\/pages\/891"}],"wp:attachment":[{"href":"https:\/\/bearvvis.com\/index.php?rest_route=%2Fwp%2Fv2%2Fmedia&parent=965"}],"curies":[{"name":"wp","href":"https:\/\/api.w.org\/{rel}","templated":true}]}}